{"id":15812,"date":"2024-10-02T12:35:44","date_gmt":"2024-10-02T18:35:44","guid":{"rendered":"https:\/\/buildinghopesummit.org\/?post_type=staff-member&#038;p=15812"},"modified":"2025-11-30T21:31:10","modified_gmt":"2025-12-01T04:31:10","slug":"yirka-platt","status":"publish","type":"staff-member","link":"https:\/\/buildinghopesummit.org\/es\/therapists\/yirka-platt\/","title":{"rendered":"Yirka Platt"},"content":{"rendered":"<div class=\"ccm-page\">\r\n\r\n\r\n<div class=\"therapist-content therapist-wrapper\">\r\n    <div class=\"main-container\">\r\n        <div class=\"main-content-image\">\r\n            <img data-recalc-dims=\"1\" decoding=\"async\" src=\"https:\/\/i0.wp.com\/buildinghopesummit.org\/wp-content\/uploads\/2024\/10\/FullSizeRender-Yirka-Diaz-e1727894128372.jpg?w=1080&#038;ssl=1\" alt=\"Yirka Platt\" class=\"company_directory_staff_member_photo\"   \/>\t\t\t\t\t\t\t<p class=\"avail-btn\">Aceptaci\u00f3n de clientes<\/p>\r\n\t\t\t\t\t<\/div>\r\n        <div class=\"therapist-summary\">\r\n            <div class=\"therapist-title\">\r\n                <h1>Yirka Platt<\/h1>\r\n\t\t\t\t<h3 class=\"cred\">Candidato a trabajador social cl\u00ednico (SWC)<\/h3>\r\n            <\/div>\r\n            <div class=\"therapist-left\">\r\n                <h3>Acerca de<\/h3>\r\n\t\t\t\t                <p class=\"license\"><strong>Licencia #:<\/strong> SWC.0000002281<\/p>\r\n\t\t\t\t\t\t\t\t\t\t\t\t<p class=\"education\"><strong>La educaci\u00f3n:<\/strong> Universidad de Denver<\/p>\r\n\t\t\t\t\t\t\t\t\t\t\t\t<p class=\"affl\"><strong>Afiliaci\u00f3n:<\/strong> Privado<\/p>\r\n\t\t\t\t<p class=\"schol\"><strong>Proveedor de la beca Building Hope:<\/strong> S\u00ed<\/p>\r\n            <\/div>\r\n\r\n            <div class=\"therapist-right\">\r\n                <h3>Informaci\u00f3n de contacto<\/h3>\r\n\t\t\t\t\t\t\t\t<p class=\"address\"><strong>Nombre de la pr\u00e1ctica:<\/strong> Renacer Counseling LLC<\/p>\r\n\t\t\t\t\t\t\t\t\t\t\t\t<p class=\"town\"><strong>Ciudad:<\/strong> En l\u00ednea<\/p>\r\n\t\t\t\t\t\t\t\t<p class=\"phone\"><strong>Tel\u00e9fono:<\/strong> 970-393-7266<\/p>\r\n\t\t\t\t\t\t\t\t\t\t\t\t            <\/div>\r\n        <\/div>\r\n\t\t<div class=\"clear\"><\/div>\r\n\r\n\r\n    <\/div>\r\n<\/div>\r\n\r\n<div class=\"therapist-content main-wrapper\">\r\n\t<div class=\"main-container\">\r\n\t\t<div class=\"main-content\">\r\n\t\t\t<div class=\"sass-container main\">\r\n\t\t\t\t<div class=\"sass-col-sm-off\"><p dir=\"ltr\">Soy una proveedora de salud mental biling\u00fce y bicultural originaria de Per\u00fa y he llamado al condado de Summit mi hogar desde 2014. Tengo una licenciatura en Psicolog\u00eda de la Universidad Femenina del Sagrado Coraz\u00f3n en Per\u00fa y una maestr\u00eda en Trabajo Social de la Universidad de Denver. Mi trabajo en la comunidad profundiz\u00f3 mi pasi\u00f3n por la salud mental y la justicia social, gui\u00e1ndome hacia una carrera centrada en la curaci\u00f3n y el crecimiento personal.<\/p>\n<p dir=\"ltr\">\nTrabajo con adultos (18+) e integro en mi pr\u00e1ctica la Terapia Cognitivo-Conductual (TCC), la Terapia Breve Centrada en Soluciones (TBCS), EMDR y mindfulness. Yo creo en el poder curativo de la conexi\u00f3n mente-cuerpo y me esfuerzo por proporcionar un espacio de apoyo, sin prejuicios donde se puede explorar las emociones, reconocer los patrones in\u00fatiles, y avanzar hacia el crecimiento aut\u00e9ntico y el bienestar.<\/p>\n<p dir=\"ltr\">Soy terapeuta de salud mental biling\u00fce y bicultural, originaria de Per\u00fa, y vivo en el Condado de Summit desde el 2014. Tengo un Bachiller en Psicolog\u00eda de la Universidad Femenina del Sagrado Coraz\u00f3n en Per\u00fa y una maestr\u00eda en Trabajo Cl\u00ednico Social de la Universidad de Denver. Mi trabajo en la comunidad profundiz\u00f3 mi pasi\u00f3n por la salud mental y la justicia social, gui\u00e1ndome hacia una carrera centrada en la sanaci\u00f3n y el crecimiento personal.<\/p>\n<p>En mi trabajo terap\u00e9utico con adultos (18+) integro la Terapia Cognitivo Conductual (CBT), Terapia Breve Centrada en Soluciones (SFBT), EMDR y mindfulness. Creo en el poder sanador de la conexi\u00f3n mente-cuerpo y me esfuerzo por ofrecer un espacio de apoyo, sin juicios, donde puedas explorar tus emociones, reconocer patrones poco \u00fatiles y avanzar hacia un crecimiento aut\u00e9ntico y un mayor bienestar.<\/p>\n<\/div>\r\n\t\t\t<\/div>\r\n\t\t<\/div>\r\n\t<\/div>\r\n<\/div>\r\n\r\n<div class=\"therapist-content focus-wrapper\">\r\n    <div class=\"main-container\">\r\n        <div class=\"focus-content\">\r\n\t\t<h3>Enfoque en el cliente<\/h3>\r\n\t\t<p class=\"lang\"><strong>Idioma que se habla:<\/strong> Ingl\u00e9s, espa\u00f1ol<\/p>\r\n\t\t<p class=\"pop\"><strong>Poblaci\u00f3n atendida:<\/strong> Adulto, anciano<\/p>\r\n        <h4>Especialidades<\/h4>\r\n\t\t<ul class=\"special\">\r\n\t\t\t\t\t\t\t<li>Gesti\u00f3n de la ira<\/li>\r\n\t\t\t\t\t\t\t\t<li>Ansiedad<\/li>\r\n\t\t\t\t\t\t\t\t<li>Depresi\u00f3n<\/li>\r\n\t\t\t\t\t\t\t\t<li>Divorcio<\/li>\r\n\t\t\t\t\t\t\t\t<li>Abuso emocional<\/li>\r\n\t\t\t\t\t\t\t\t<li>Fin de la vida<\/li>\r\n\t\t\t\t\t\t\t\t<li>Conflicto familiar<\/li>\r\n\t\t\t\t\t\t\t\t<li>Autoestima<\/li>\r\n\t\t\t\t\t\t\t\t<li>Trauma<\/li>\r\n\t\t\t\t\t\t\t\t<li>Inmigrantes y refugiados <\/li>\r\n\t\t\t\t\t\t\t\t\t<\/ul>\r\n\t\t        <\/div>\r\n    <\/div>\r\n\t<div class=\"clear\"><\/div>\r\n<\/div>\r\n\r\n<div class=\"therapist-content therapist-bottom-wrapper\">\r\n\t<div class=\"main-container\">\r\n\t\t<div class=\"therapist-bottom-left\">\r\n\t\t\t<h3>Orientaci\u00f3n del tratamiento<\/h3>\r\n\t\t\t<ul class=\"treatment\">\r\n\t\t\t\t\t\t\t<li>Terapia cognitivo-conductual (TCC)<\/li>\r\n\t\t\t\t\t\t\t\t<li>Basado en la atenci\u00f3n plena<\/li>\r\n\t\t\t\t\t\t\t\t<li>Terapia breve centrada en soluciones (SFBT)<\/li>\r\n\t\t\t\t\t\t\t\t<li>Centrado en el trauma<\/li>\r\n\t\t\t\t\t\t\t\t\t\t<\/ul>\r\n\t\t<\/div>\r\n\t\t<div class=\"therapist-bottom-right\">\r\n\t\t\t<h3>Finanzas<\/h3>\r\n\t\t\t<p class=\"cost\"><strong>Coste por sesi\u00f3n:<\/strong> $120<\/p>\r\n\t\t\t<p class=\"scale\"><strong>Acepta la escala m\u00f3vil:<\/strong> S\u00ed<\/p>\r\n\t\t\t<p class=\"insurance\"><strong>Se aceptan seguros:<\/strong> Ninguno<\/p>\r\n\t\t\t<p class=\"scholorship\"><strong>Proveedor de la beca Building Hope:<\/strong> S\u00ed<\/p>\r\n\t\t<\/div>\r\n\t<\/div>\r\n\t<div class=\"clear\"><\/div>\r\n<\/div>\r\n\r\n\r\n\r\n\r\n\r\n\t\t<!-- Only show Mailing Address and Contact Info in single view -->\r\n\t\t<\/div>","protected":false},"featured_media":15814,"menu_order":0,"template":"","meta":{"_et_pb_use_builder":"","_et_pb_old_content":"","_et_gb_content_width":"","advanced_seo_description":"","jetpack_seo_html_title":"","jetpack_seo_noindex":false},"staff-member-category":[],"class_list":["post-15812","staff-member","type-staff-member","status-publish","has-post-thumbnail","hentry"],"jetpack_likes_enabled":true,"jetpack_sharing_enabled":true,"metadata":{"single_line_text_1":["Yirka Platt"],"single_line_text_2":[""],"phone":["970-393-7266"],"single_line_text_19":[""],"single_line_text_20":[""],"single_line_text_4":["University of Denver"],"single_line_text_6":["SWC.0000002281"],"single_line_text_5":["Clinical Social Worker Candidate (SWC)"],"single_line_text_7":[""],"multi_line_text_22":["No"],"single_line_text_14":["$120"],"single_line_text_23":["Renacer Counseling LLC"],"first_name":["Yirka"],"last_name":["Platt"],"multiple_choice_18":["a:1:{i:0;s:6:\"Online\";}"],"multiple_choice_8":["a:1:{i:0;s:7:\"Private\";}"],"dropdown_menu_9":["Yes"],"multiple_choice_10":["a:2:{i:0;s:7:\"English\";i:1;s:7:\"Spanish\";}"],"multiple_choice_11":["a:2:{i:0;s:5:\"Adult\";i:1;s:7:\"Elderly\";}"],"multiple_choice_12":["a:10:{i:0;s:16:\"Anger Management\";i:1;s:7:\"Anxiety\";i:2;s:10:\"Depression\";i:3;s:7:\"Divorce\";i:4;s:15:\"Emotional Abuse\";i:5;s:11:\"End of Life\";i:6;s:15:\"Family Conflict\";i:7;s:11:\"Self-esteem\";i:8;s:6:\"Trauma\";i:9;s:22:\"Immigrant and Refugee \";}"],"multiple_choice_13":["a:4:{i:0;s:34:\"Cognitive Behavioral Therapy (CBT)\";i:1;s:17:\"Mindfulness-based\";i:2;s:37:\"Solution-Focused Brief Therapy (SFBT)\";i:3;s:14:\"Trauma-focused\";}"],"multiple_choice_15":["a:1:{i:0;s:4:\"None\";}"],"dropdown_menu_16":["Yes"],"dropdown_menu_17":["Yes"]},"featured_image_src":"https:\/\/buildinghopesummit.org\/wp-content\/uploads\/2024\/10\/FullSizeRender-Yirka-Diaz-e1727894128372.jpg","bio":"<p dir=\"ltr\">I\u2019m a bilingual and bicultural mental health provider originally from Peru and have called Summit County home since 2014. I hold a Bachelor\u2019s degree in Psychology from Sacred Heart Women\u2019s University in Peru and a Master\u2019s in Social Work from the University of Denver. My work in the community deepened my passion for mental health and social justice, guiding me toward a career centered on healing and personal growth.<\/p>\r\n<p dir=\"ltr\">\r\nI work with adults (18+) and integrate trauma-informed Cognitive Behavioral Therapy (CBT), Solution-Focused Brief Therapy (SFBT), EMDR, and mindfulness in my practice. I believe in the healing power of the mind-body connection and strive to provide a supportive, nonjudgmental space where you can explore emotions, recognize unhelpful patterns, and move toward authentic growth and well-being.<\/p>\r\n<p dir=\"ltr\">Soy terapeuta de salud mental biling\u00fce y bicultural, originaria de Per\u00fa, y vivo en el Condado de Summit desde el 2014. Tengo un Bachiller en Psicolog\u00eda de la Universidad Femenina del Sagrado Coraz\u00f3n en Per\u00fa y una maestr\u00eda en Trabajo Cl\u00ednico Social de la Universidad de Denver. Mi trabajo en la\u00a0comunidad\u00a0profundiz\u00f3 mi pasi\u00f3n por la salud mental y la justicia social, gui\u00e1ndome hacia una carrera centrada en la sanaci\u00f3n y el crecimiento personal.<\/p>\r\nEn mi trabajo terap\u00e9utico con adultos (18+) integro la Terapia Cognitivo Conductual (CBT), Terapia Breve Centrada en Soluciones (SFBT), EMDR y mindfulness. Creo en el poder sanador de la conexi\u00f3n mente-cuerpo y me esfuerzo por ofrecer un espacio de apoyo, sin juicios, donde puedas explorar tus emociones, reconocer patrones poco \u00fatiles y avanzar hacia un crecimiento aut\u00e9ntico y un mayor bienestar.","_links":{"self":[{"href":"https:\/\/buildinghopesummit.org\/es\/wp-json\/wp\/v2\/staff-member\/15812","targetHints":{"allow":["GET"]}}],"collection":[{"href":"https:\/\/buildinghopesummit.org\/es\/wp-json\/wp\/v2\/staff-member"}],"about":[{"href":"https:\/\/buildinghopesummit.org\/es\/wp-json\/wp\/v2\/types\/staff-member"}],"wp:featuredmedia":[{"embeddable":true,"href":"https:\/\/buildinghopesummit.org\/es\/wp-json\/wp\/v2\/media\/15814"}],"wp:attachment":[{"href":"https:\/\/buildinghopesummit.org\/es\/wp-json\/wp\/v2\/media?parent=15812"}],"wp:term":[{"taxonomy":"staff-member-category","embeddable":true,"href":"https:\/\/buildinghopesummit.org\/es\/wp-json\/wp\/v2\/staff-member-category?post=15812"}],"curies":[{"name":"wp","href":"https:\/\/api.w.org\/{rel}","templated":true}]}}

<div class="ccm-page">


<div class="therapist-content therapist-wrapper">
    <div class="main-container">
        <div class="main-content-image">
            <img data-recalc-dims="1" decoding="async" src="https://i0.wp.com/buildinghopesummit.org/wp-content/uploads/2024/10/FullSizeRender-Yirka-Diaz-e1727894128372.jpg?w=1080&#038;ssl=1" alt="Yirka Platt" class="company_directory_staff_member_photo"   />							<p class="avail-btn">Aceptación de clientes</p>
					</div>
        <div class="therapist-summary">
            <div class="therapist-title">
                <h1>Yirka Platt</h1>
				<h3 class="cred">Candidato a trabajador social clínico (SWC)</h3>
            </div>
            <div class="therapist-left">
                <h3>Acerca de</h3>
				                <p class="license"><strong>Licencia #:</strong> SWC.0000002281</p>
												<p class="education"><strong>La educación:</strong> Universidad de Denver</p>
												<p class="affl"><strong>Afiliación:</strong> Privado</p>
				<p class="schol"><strong>Proveedor de la beca Building Hope:</strong> Sí</p>
            </div>

            <div class="therapist-right">
                <h3>Información de contacto</h3>
								<p class="address"><strong>Nombre de la práctica:</strong> Renacer Counseling LLC</p>
												<p class="town"><strong>Ciudad:</strong> En línea</p>
								<p class="phone"><strong>Teléfono:</strong> 970-393-7266</p>
												            </div>
        </div>
		<div class="clear"></div>


    </div>
</div>

<div class="therapist-content main-wrapper">
	<div class="main-container">
		<div class="main-content">
			<div class="sass-container main">
				<div class="sass-col-sm-off"><p dir="ltr">Soy una proveedora de salud mental bilingüe y bicultural originaria de Perú y he llamado al condado de Summit mi hogar desde 2014. Tengo una licenciatura en Psicología de la Universidad Femenina del Sagrado Corazón en Perú y una maestría en Trabajo Social de la Universidad de Denver. Mi trabajo en la comunidad profundizó mi pasión por la salud mental y la justicia social, guiándome hacia una carrera centrada en la curación y el crecimiento personal.</p>
<p dir="ltr">
Trabajo con adultos (18+) e integro en mi práctica la Terapia Cognitivo-Conductual (TCC), la Terapia Breve Centrada en Soluciones (TBCS), EMDR y mindfulness. Yo creo en el poder curativo de la conexión mente-cuerpo y me esfuerzo por proporcionar un espacio de apoyo, sin prejuicios donde se puede explorar las emociones, reconocer los patrones inútiles, y avanzar hacia el crecimiento auténtico y el bienestar.</p>
<p dir="ltr">Soy terapeuta de salud mental bilingüe y bicultural, originaria de Perú, y vivo en el Condado de Summit desde el 2014. Tengo un Bachiller en Psicología de la Universidad Femenina del Sagrado Corazón en Perú y una maestría en Trabajo Clínico Social de la Universidad de Denver. Mi trabajo en la comunidad profundizó mi pasión por la salud mental y la justicia social, guiándome hacia una carrera centrada en la sanación y el crecimiento personal.</p>
<p>En mi trabajo terapéutico con adultos (18+) integro la Terapia Cognitivo Conductual (CBT), Terapia Breve Centrada en Soluciones (SFBT), EMDR y mindfulness. Creo en el poder sanador de la conexión mente-cuerpo y me esfuerzo por ofrecer un espacio de apoyo, sin juicios, donde puedas explorar tus emociones, reconocer patrones poco útiles y avanzar hacia un crecimiento auténtico y un mayor bienestar.</p>
</div>
			</div>
		</div>
	</div>
</div>

<div class="therapist-content focus-wrapper">
    <div class="main-container">
        <div class="focus-content">
		<h3>Enfoque en el cliente</h3>
		<p class="lang"><strong>Idioma que se habla:</strong> Inglés, español</p>
		<p class="pop"><strong>Población atendida:</strong> Adulto, anciano</p>
        <h4>Especialidades</h4>
		<ul class="special">
							<li>Gestión de la ira</li>
								<li>Ansiedad</li>
								<li>Depresión</li>
								<li>Divorcio</li>
								<li>Abuso emocional</li>
								<li>Fin de la vida</li>
								<li>Conflicto familiar</li>
								<li>Autoestima</li>
								<li>Trauma</li>
								<li>Inmigrantes y refugiados </li>
									</ul>
		        </div>
    </div>
	<div class="clear"></div>
</div>

<div class="therapist-content therapist-bottom-wrapper">
	<div class="main-container">
		<div class="therapist-bottom-left">
			<h3>Orientación del tratamiento</h3>
			<ul class="treatment">
							<li>Terapia cognitivo-conductual (TCC)</li>
								<li>Basado en la atención plena</li>
								<li>Terapia breve centrada en soluciones (SFBT)</li>
								<li>Centrado en el trauma</li>
										</ul>
		</div>
		<div class="therapist-bottom-right">
			<h3>Finanzas</h3>
			<p class="cost"><strong>Coste por sesión:</strong> $120</p>
			<p class="scale"><strong>Acepta la escala móvil:</strong> Sí</p>
			<p class="insurance"><strong>Se aceptan seguros:</strong> Ninguno</p>
			<p class="scholorship"><strong>Proveedor de la beca Building Hope:</strong> Sí</p>
		</div>
	</div>
	<div class="clear"></div>
</div>





		<!-- Only show Mailing Address and Contact Info in single view -->
		</div>

<p dir="ltr">I’m a bilingual and bicultural mental health provider originally from Peru and have called Summit County home since 2014. I hold a Bachelor’s degree in Psychology from Sacred Heart Women’s University in Peru and a Master’s in Social Work from the University of Denver. My work in the community deepened my passion for mental health and social justice, guiding me toward a career centered on healing and personal growth.</p>
<p dir="ltr">
I work with adults (18+) and integrate trauma-informed Cognitive Behavioral Therapy (CBT), Solution-Focused Brief Therapy (SFBT), EMDR, and mindfulness in my practice. I believe in the healing power of the mind-body connection and strive to provide a supportive, nonjudgmental space where you can explore emotions, recognize unhelpful patterns, and move toward authentic growth and well-being.</p>
<p dir="ltr">Soy terapeuta de salud mental bilingüe y bicultural, originaria de Perú, y vivo en el Condado de Summit desde el 2014. Tengo un Bachiller en Psicología de la Universidad Femenina del Sagrado Corazón en Perú y una maestría en Trabajo Clínico Social de la Universidad de Denver. Mi trabajo en la comunidad profundizó mi pasión por la salud mental y la justicia social, guiándome hacia una carrera centrada en la sanación y el crecimiento personal.</p>
En mi trabajo terapéutico con adultos (18+) integro la Terapia Cognitivo Conductual (CBT), Terapia Breve Centrada en Soluciones (SFBT), EMDR y mindfulness. Creo en el poder sanador de la conexión mente-cuerpo y me esfuerzo por ofrecer un espacio de apoyo, sin juicios, donde puedas explorar tus emociones, reconocer patrones poco útiles y avanzar hacia un crecimiento auténtico y un mayor bienestar.
